rs of t?
2
Let c be 2 + 3*(-12)/(-9). Let u(p) = p**2 + 0 + 4 - 1 - 5*p. List the prime factors of u(c).
3
Let u(h) = h**3 - 9*h**2 + 6*h + 14. Let r be u(8). Let d(i) = -2 - 2*i - 4*i + 4. What are the prime factors of d(r)?
2, 7
Let m = 49 + -35. List the prime factors of m.
2, 7
Suppose 5 = 3*u - 1. Let s(r) = 0*r**2 - 2*r - r**2 + 0*r**u - 13*r**3 - 1. List the prime factors of s(-1).
13
Let o(l) = -l**3 + 6*l**2 + l - 8. Let a be o(6). What are the prime factors of 1/a*12/(-3)?
2
Suppose -27 - 21 = 3*w. Let t = -1 - w. List the prime factors of t.
3, 5
Suppose -r + 3 = -3. Let x = 16 - r. What are the prime factors of x?
2, 5
Let y = 110 + -66. Suppose -4*q - 4*p = -52, -6*p = -4*q - 2*p + y. Suppose 5*j - q = -h, j = -5*h - j + 106. List the prime factors of h.
2, 11
Suppose 0 = -2*f + 3*f - 86. Suppose 0 = z - d + 18, -5*z - 2*d = -3*d + f. Let y = 27 + z. What are the prime factors of y?
2, 5
Suppose -5*q + l + 13 = 0, 2*q - 3*q - 5*l + 13 = 0. Suppose 0 = -m + d + 17, 3*m + q*d = -0*m + 27. Suppose -m + 3 = -2*k. List the prime factors of k.
5
Let r = -1 + 52. What are the prime factors of r?
3, 17
Suppose 2*b = -2*b - q + 18, 9 = b - 2*q. Suppose -b*m + 84 = -0*l - 2*l, 4*m = 4*l + 60. List the prime factors of m.
2, 3
What are the prime factors of ((-315)/28 + 4)/(1/(-28))?
7, 29
Suppose 5*j + 0*j - 550 = 3*a, 98 = j - 3*a. List the prime factors of j.
113
Let j(b) = b**2 - 11*b - 15. What are the prime factors of j(13)?
11
Suppose 5*c = -0*m + m + 112, 3*m = c - 28. Suppose 0 = -3*u + u + c. Suppose -3*q + 4 + u = 0. What are the prime factors of q?
5
Let r = 223 - 149. List the prime factors of r.
2, 37
What are the prime factors of (494/10 - -2)/((-10)/(-50))?
257
Suppose 12*d - 70 = 10*d. What are the prime factors of d?
5, 7
Let s(k) = k - 1. Let w be s(9). Suppose 4*v = 3*v - w. Let j = -4 - v. What are the prime factors of j?
2
Suppose 0 = -3*m - 0*m + 432. Suppose -m = -7*h + 136. What are the prime factors of h?
2, 5
Let q(c) = 13*c**2 + 12*c - 11. Let p = 14 + -5. Let l(n) = 3*n**2 + 3*n - 3. Let u(g) = p*l(g) - 2*q(g). List the prime factors of u(-6).
13
Let r = 10 + -6. List the prime factors of (0 - -1)/(r/120).
2, 3, 5
Let z = 160 + -81. What are the prime factors of z?
79
What are the prime factors of -1 - (-27 - (8 + -4))?
2, 3, 5
Suppose 3*h + 33 = 3*j, 2*j + h - 47 = -2*h. What are the prime factors of j?
2
What are the prime factors of (-3)/(-9) + 28/6?
5
Suppose -5*d + 45 = -20. Let n = -11 + d. List the prime factors of n.
2
Let g(h) = -2*h - 4. Let n be g(-4). Suppose k = -n, -3*c = -7*k + 2*k - 35. Suppose 0*q + 75 = c*q. List the prime factors of q.
3, 5
Let l(s) = -s + 49. What are the prime factors of l(-8)?
3, 19
Let f = 20 - -8. Suppose 12*j - 8*j = f. What are the prime factors of j?
7
Let m be (-1 - -2) + (-6 - -9). Suppose 135 + 1 = m*k. What are the prime factors of k?
2, 17
Suppose -5*j + 3*j + 26 = 0. What are the prime factors of j?
13
Suppose 0 = -3*m - 2*b + 42, -5*m - b = -0*b - 77. Let p = m - -8. Let o = p + -17. What are the prime factors of o?
7
Let x(r) = -11*r**3 - 2*r**2 - r. Let a(i) = -i - 2*i - i + 3 + 6*i. Let f be a(-2). List the prime factors of x(f).
2, 5
Let t(w) = w**2 - 6*w - 19. Let n be t(8). What are the prime factors of (-87)/(-9) + 2/n?
3
Let o(y) = y**3 + 2*y**2 + 4*y + 1. List the prime factors of o(3).
2, 29
Suppose 3*f + 5*b = 81, -3*f + 3*b = f - 79. List the prime factors of f.
2, 11
Let a(f) = 17*f**2 + 2*f + 2. What are the prime factors of a(-4)?
2, 7, 19
Suppose 2*r - 203 = 5*b, -2*r + 202 = -b + 19. List the prime factors of r.
89
Let l = 33 + -19. Suppose -l = 9*q - 10*q. What are the prime factors of q?
2, 7
Suppose -42 = -j - r, -4*j + 171 = -0*r + 5*r. Let b = j - 15. List the prime factors of b.
2, 3
Let t = 2 - 2. Let y(g) = -g**2 - g + 21. List the prime factors of y(t).
3, 7
Let i(q) = 4*q**2 - 3*q. Let f = 4 + -4. Suppose f - 2 = 5*w - 4*n, 2*w = -2*n + 10. List the prime factors of i(w).
2, 5
Suppose 0*t = -w + 2*t - 1, 2*w = -t + 13. Let m = -3 + w. What are the prime factors of m?
2
Let t(z) be the third derivative of -z**6/120 - 11*z**5/60 - 11*z**4/24 + 13*z**3/6 + z**2. What are the prime factors of t(-10)?
23
List the prime factors of (-2314)/(-10) - -2 - (-38)/(-95).
233
Suppose 3*x - 29 = -4*i, i + 45 = 6*i - 5*x. Suppose 5*c + 2*j = 48, 5*j - 3 = -i. List the prime factors of c.
2, 5
Let o = 29 - -22. List the prime factors of o.
3, 17
Let b(t) = t + 1. Let i be b(4). Suppose -3*n + 27 = 3*x, -38 + i = -4*n - x. Suppose j = l - n, -6 = -2*l + l - j. List the prime factors of l.
7
Let h be (-3)/(-3) + 2/2. Suppose -y = -h - 2. List the prime factors of y.
2
Suppose -106 - 329 = -5*j. List the prime factors of j.
3, 29
Suppose -t - 155 = -5*h, -2*h - 5*t + t + 40 = 0. List the prime factors of h.
2, 3, 5
Suppose j + f = -2 - 2, 0 = -j + f - 2. Let p(v) = v**3 + 2*v**2 - 4*v + 1. List the prime factors of p(j).
2
Let o = -2 + 6. Suppose 85 = o*d + 5*l, 3*d - 6*l - 56 = -2*l. Suppose d = 4*r + r. What are the prime factors of r?
2
List the prime factors of 2/(342/(-87) + 4).
29
Let s = -7 + 19. Let q be 10/(-3)*s/(-8). Let i = q - -17. List the prime factors of i.
2, 11
Suppose -2*h + 31 + 35 = 0. List the prime factors of h.
3, 11
Let g = 6 + -4. Suppose -g*l = 2*x - 18, 4*l = l - 2*x + 28. What are the prime factors of l?
2, 5
Let t be -3*(1 - (-15)/(-9)). Suppose -t*n + 23 = -n + 2*y, -3*y = -9. List the prime factors of n.
17
Let n(x) = -x**3 + 7*x**2 - 6*x + 2. What are the prime factors of n(4)?
2, 13
Suppose 0 = -h - 3*s + 31 - 9, 0 = -4*h - 2*s + 128. List the prime factors of h.
2, 17
Let c = 108 - 65. List the prime factors of c.
43
Suppose 7*y - 43 = 13. What are the prime factors of y?
2
Suppose 2 + 8 = 5*c. Suppose 54 = c*f - 42. Suppose 5*a = -u + f, -2*a - 6 = -3*a + u. What are the prime factors of a?
3
Let m(w) = 47*w - 1 - w**2 - 42*w + 3. Let v be 3*(20/6 + -2). List the prime factors of m(v).
2, 3
Let f(q) = -6*q**2 + q + 3. Let h(z) = 3*z**2 - z - 1. Let b(y) = 3*f(y) + 7*h(y). List the prime factors of b(2).
2, 3
Let p = -21 - 72. List the prime factors of p/(-6) + 1/(-2).
3, 5
Let n(a) = -2*a - 8. Let o be n(10). Let c = -20 - o. List the prime factors of c.
2
Let d = -17 - -15. What are the prime factors of (d/(-2) - -22)/1?
23
Suppose 0*w = -3*w + 96. What are the prime factors of w?
2
What are the prime factors of ((-70)/3)/(2/(-3))?
5, 7
Let b = 154 + -45. List the prime factors of b.
109
Let w be (-5 - -3) + (0 - -2). What are the prime factors of (-6 - 1)/(w + -1)?
7
Let h(f) = -f**2 - 5*f - 4. Let i be h(-3). Suppose -t = -i*t. Suppose 0 = 3*u - 3*x - 2*x - 10, t = -3*x + 12. List the prime factors of u.
2, 5
Let i = 253 - 136. What are the prime factors of i?
3, 13
Let h(r) = 27*r**2 + 3. List the prime factors of h(2).
3, 37
Let i = 21 - -13. What are the prime factors of i?
2, 17
Let u(w) = w - 4. Let v be u(6). Let j = v - -1. Suppose i = 5 + j. What are the prime factors of i?
2
Suppose -10*a - 25 = -15*a. List the prime factors of ((-21)/a)/(3/(-15)).
3, 7
List the prime factors of (-8)/20 - (531/(-15) - 3).
2, 19
Suppose 7 = -2*b + 4*h - 5, -3*b = h - 3. Suppose 3*q + 4 = 4*z, 0 = z - b*z + 3*q + 14. Let w = 11 + z. What are the prime factors of w?
3
Let r be (-30)/(-20)*8/3. Suppose r*v = 3*f - 79, -3*f - 1 + 75 = -5*v. What are the prime factors of f?
3, 11
Suppose -3 = -3*y - 2*w + 7, 5 = 5*y + w. Suppose y = -2*j - 0*j. Let a(u) = u + 2. What are the prime factors of a(j)?
2
Let q be 0 + -3 + -9 + 7. List the prime factors of 0 - (-42 - (1 + q)).
2, 19
Let d = 16 - 10. Suppose d = -3*s + 15. List the prime factors of ((-9)/6)/(s/(-16)).
2
List the prime factors of ((-1)/(-1))/((-2)/(-34)).
17
Suppose 4*t - 448 = -10*t. List the prime factors of t.
2
Suppose b - 4*b + 4*l = -65, -3*l = -3*b + 66. List the prime factors of b.
23
Let v be (-3)/6 - (-5)/2. Suppose -v*c + 0*c = -4. Suppose -4 = 3*y + 5*i, c*y + y = i + 26. What are the prime factors of y?
7
Suppose 3*g = -u + 14, 5*g + u - 26 = -6. What are the prime factors of g?
3
Suppose 7*p + 9 = 4*p. Suppose -2*i = u - 1, i = -4*u - 2*i - 16. Let d = p - u. List the prime factors of d.
2
Suppose -4*j + j = 0. Suppose 9 = 2*w - 4*l - 31, j = -3*w - 4*l +